rime factors of v(-17)?
2, 31
Suppose -7*g + 9 = 2. What are the prime factors of 41 + (-3)/g + 8/4?
2, 5
Let g(x) = -12*x + 56. Let f be g(9). Let m = 57 + f. Suppose 0 = -3*p + w + 310, 2*w = m*p - 2*w - 519. What are the prime factors of p?
103
Let g = -6694 + 7327. List the prime factors of g.
3, 211
Suppose -3*j + 33 = -4*h, 0 = -j + 3*h + 2*h + 11. Suppose -16 = -9*p + j. Suppose -141 = -p*d + 3*f + 162, 5*d - 529 = -f. What are the prime factors of d?
3, 5, 7
Let u = 1760 - 1588. List the prime factors of u.
2, 43
Let p = -377 - -160. Let f = 28 - p. What are the prime factors of f?
5, 7
Suppose -10670 = -3*w + 2*n, -281 = w + 2*n - 3851. What are the prime factors of w?
2, 5, 89
Let f = -127 + 132. Suppose 3 = 8*n - f. What are the prime factors of 12250/80 + n/(-8)?
3, 17
Suppose n + 2*n = -5*z + 1534, -5*z = -2*n + 1006. Let x = n - 186. Let p = 451 - x. What are the prime factors of p?
3, 43
Let n = 16111 - 15157. List the prime factors of n.
2, 3, 53
List the prime factors of (213/(-2))/(-30*(-20)/(-58000)).
5, 29, 71
Let r = -11 + 16. Suppose 3*u = r*k + 10 + 13, 3*k = 4*u - 49. Suppose 0 = -12*f + u*f - 276. What are the prime factors of f?
3, 23
Let u be ((-21)/(-4))/3 - (-1)/4. Suppose 4*k - 4*m = 12, u*m = -2*k + 7*m + 15. Suppose 13*h - 8*h - 715 = k. List the prime factors of h.
11, 13
Let f = 35589 + -28901. What are the prime factors of f?
2, 11, 19
Suppose 8139 = 4*o + x, -3*x - 42 = -39. What are the prime factors of o?
5, 11, 37
Let t be (-2)/(-8)*6 + (-9)/6. Suppose 3*w - 5*l - 187 = t, -3*w + 3*l + 39 = -144. What are the prime factors of w?
59
List the prime factors of -5 - (3*90)/(40/(-1580)).
2, 5, 13, 41
Suppose 3*j - 17 - 4 = 0. Suppose -2*x = j*x + 153. What are the prime factors of (-2414)/x*1/1?
2, 71
Let z(w) = -3*w**3 - 7*w**2 - 5*w + 7. Suppose 4*j + 10*j = -266. Let l be (-5)/(-2)*(17 + j). What are the prime factors of z(l)?
2, 29
Suppose -2*r = -3*y - 51492, 4*y + 102988 = -261*r + 265*r. What are the prime factors of r?
3, 2861
Let v(p) be the second derivative of -25*p**4/24 + p**3 - 5*p**2 - 13*p. Let c(n) be the first derivative of v(n). What are the prime factors of c(-3)?
3
Suppose d + 0 - 1 = z, -4*d - 3*z + 18 = 0. Let g(l) = 1546 - 1549 - 3455*l + 3501*l. List the prime factors of g(d).
3, 5
Let n(o) = -o**3 - 8*o**2 + 20*o + 1. Let b be n(-10). List the prime factors of (7/((-252)/(-60)))/(b/465).
5, 31
Suppose 189929 + 43045 = 21*n. List the prime factors of n.
2, 3, 43
Suppose 42*t = 37*t + 12060. Suppose -3*d - 3017 = -5*l, 6*l - 10*l + 2*d = -t. List the prime factors of l.
601
Let q = 2787 - 1641. Let b = 154 + q. What are the prime factors of b?
2, 5, 13
Suppose -137468 = -f - 10*f + 29270. List the prime factors of f.
2, 11, 13, 53
List the prime factors of 4*(42145/60 + 18/54).
3, 937
Let n be -15*(17/3 - 6). Suppose -1780 = 5*c - q - 6313, n*q - 1824 = -2*c. What are the prime factors of c?
907
Suppose -2*o + 7*o - 26*o + 326802 = 0. List the prime factors of o.
2, 31, 251
Let q(b) = 5 + 7 - 7*b + 30*b**2 - 22*b**2. Suppose 3*v - 4*v = g - 7, 16 = v + 4*g. List the prime factors of q(v).
2, 7
Suppose 2*r = -2*s + 40688, 11*s = 9*s + 3*r + 40653. List the prime factors of s.
3, 6779
Suppose -83*r - 556141 + 1212281 = -1960352. What are the prime factors of r?
2, 3, 37, 71
List the prime factors of -10 - 13/(260/(-1476300)).
5, 29, 509
Let t(f) = 33*f**2 + 2*f - 2. Let x be t(2). Let p = 242 + x. What are the prime factors of p?
2, 47
What are the prime factors of (-255)/(-204) - (-149647)/4?
3, 4157
Let w = -8 + 16. Let n be (-57)/(-2)*16/w. Let g = n + -33. What are the prime factors of g?
2, 3
Let k = -549 - -16418. List the prime factors of k.
7, 2267
Let h(z) = -z**2 + z + 1. Let c(m) = -39*m**2 + 26*m + 77. Let q(k) = -c(k) - 3*h(k). What are the prime factors of q(-3)?
5, 7, 11
Let c(l) = -2*l**3 - l**2 + l - 1. Let s(k) = -11*k**3 + 15*k**2 - 13*k - 51. Let j(v) = 5*c(v) - s(v). What are the prime factors of j(22)?
2, 3, 5, 47
Suppose -55*z + 200550 = 95*z. List the prime factors of z.
7, 191
Suppose -2 = -f - 4. Let h be f/9 - 22/(-99). Suppose h*z - 28 = -z. What are the prime factors of z?
2, 7
List the prime factors of (-4)/(-3)*(-37)/(185/(-70200)).
2, 3, 5, 13
Let o(d) = -1535*d + 9. Let h be o(-2). Suppose 33*z = 16820 + h. List the prime factors of z.
3, 67
Suppose 18 = 10*v - 2. Suppose -g = 5*y - 2013, -749 - 67 = -v*y - 4*g. What are the prime factors of y?
2, 3, 67
Let a = -96394 - -162586. List the prime factors of a.
2, 3, 7, 197
Let c = -173 + 195. Suppose -12152 = -6*f - c*f. What are the prime factors of f?
2, 7, 31
Suppose -11*l + 5 = -6*l. Suppose 11*z - l - 54 = 0. Suppose -183 = -z*f + 877. List the prime factors of f.
2, 53
Let r(m) = 388*m - 11. List the prime factors of r(9).
59
Suppose -37*t - 3531540 = -173*t - 1004660. List the prime factors of t.
2, 5, 929
Let n = -57 - -56. Let k = n - -5. Suppose -k*q + 660 = 2*p, -q = 2*p - 4*p - 175. List the prime factors of q.
167
Let i = -2658 - -2746. What are the prime factors of i?
2, 11
Let s = 183 - 181. Suppose -g - 210 = -2*z, g = -2*z + 134 + 68. Suppose s*c - r - 152 = 81, -4*r = c - z. What are the prime factors of c?
5, 23
Let x be (-3)/((21/4)/(-7)). Suppose -5*u - 4*s + 2 = 0, s + 2*s + 14 = x*u. Suppose n - u*h - 40 = 0, 136 = 3*n - h - h. What are the prime factors of n?
2, 3
List the prime factors of 2/(72/30) + 3/(-36)*-233978.
17, 31, 37
Let w(s) = -s**2 + 3*s. Let g be w(2). Suppose g*i = 2 + 330. List the prime factors of i.
2, 83
Let t(l) = 3*l**2 + 13*l + 5. Let y be t(-5). Suppose 5*f = y - 50. What are the prime factors of (3 + -6)*f*1?
3, 7
Let a(v) = 7*v - 6. Let t be a(2). Let q(l) = 17*l - 2. Let y be q(t). Suppose -46 = -3*u + y. What are the prime factors of u?
2, 3, 5
Let u = 25 + 650. Suppose 4*l + 3*k = u, -16 + 15 = -k. What are the prime factors of l?
2, 3, 7
Let o = -6157 - -12309. What are the prime factors of o?
2, 769
Let f be (-1 - -46) + 18 + -19. Let q = -26 + f. List the prime factors of q.
2, 3
Suppose 0 = 40*j - 30*j + 120. What are the prime factors of (9142/(-56))/(3/j)?
653
Let c(j) = -j**2 - 26*j - 57. Let v be c(-23). List the prime factors of ((-45)/v)/((-246)/80 + 3).
2, 5
Suppose 8*h - 27 = 13. Suppose -5*o = -10, -3*p - h*o - 1418 = -6*p. List the prime factors of p.
2, 7, 17
Suppose 7*q - 15*q + 96 = 0. Let l(o) = 16*o + 7 - 4*o + 7. What are the prime factors of l(q)?
2, 79
Let k(h) = 16*h + 91. Let g be k(13). Let p = 1555 - g. List the prime factors of p.
2, 157
What are the prime factors of (2*62/(-5))/(284/95 - 3)?
2, 19, 31
Let p(f) = -3*f**2 + 114*f - 216*f**3 + 4*f**2 - 115*f. Let t be p(1). Let s = -100 - t. List the prime factors of s.
2, 29
Let n(u) = -u**3 + 9*u**2 - 8*u + 5. Let w be n(8). Suppose -4*y + 5*y - 20 = w*p, 3*y + 4*p = -16. Suppose -3*m + 4*m - 54 = y. List the prime factors of m.
2, 3
Let j(t) = 4304*t - 6664. What are the prime factors of j(6)?
2, 5, 479
Suppose 0 = -2*l - 5*w + 6648, -24*w = -5*l - 21*w + 16589. What are the prime factors of l?
3319
Let z = -75 - -135. Suppose 0*k - z = -g - k, 3*k + 226 = 4*g. Let o = 84 - g. What are the prime factors of o?
2, 13
Let a = -41335 + 58949. List the prime factors of a.
2, 8807
Let v = -453 - -1266. Let c = -38 + v. List the prime factors of c.
5, 31
Let a(n) = -13*n**3 + 19*n**2 - 5*n + 16. What are the prime factors of a(-4)?
2, 293
Suppose -4*x + 75815 = 3*a - 67845, 191546 = 4*a + 5*x. What are the prime factors of a?
2, 11971
Let x be (-403)/(-39) + -11 - (-76)/6. Suppose x*n = -n + 3081. What are the prime factors of n?
3, 79
Let o = -941 - -9257. Let n = o + -4506. What are the prime factors of (-2)/(-10) - n/(-75)?
3, 17
What are the prime factors of 2/(1 - 42/30) + (11078 - 9)?
2, 3, 461
Let b = -1189 - -733. Let y = b + 460. What are the prime factors of y?
2
Suppose -g - 804 = -3*g. Let o = 178 - 409. Let x = g + o. List the prime factors of x.
3, 19
Let g(b) be the first derivative of b**5/60 - 7*b**4/24 + 35*b**3/6 + 12*b**2 + 29. Let o(n) be the second derivative of g(n). List the prime factors of o(15).
5, 31
Suppose 10 = -46*z + 48*z. Suppose -z*x + 7*x = 128. Suppose -x = -5*j + 4*o - 2*o, 3*j + 2*o = 48. What are the prime factors of j?
2, 7
Let z(n) = -288*n*